{"id":282,"date":"2018-01-22T15:51:14","date_gmt":"2018-01-22T14:51:14","guid":{"rendered":"https:\/\/lecubin.fr\/?page_id=282"},"modified":"2018-01-22T15:51:14","modified_gmt":"2018-01-22T14:51:14","slug":"description-chateau","status":"publish","type":"page","link":"https:\/\/lecubin.fr\/index.php\/description-chateau\/","title":{"rendered":"Description ch\u00e2teau"},"content":{"rendered":"<p><span style=\"font-family: 'book antiqua', palatino, serif;\"><strong>Fr\u00e9teval- La forteresse\u00a0 \u00a0 \u00a0 \u00a0 \u00a0 \u00a0 \u00a0 \u00a0 \u00a0 \u00a0 \u00a0 \u00a0 \u00a0 \u00a0 \u00a0 \u00a0 \u00a0 \u00a0 \u00a0 \u00a0 \u00a0 \u00a0 \u00a0 \u00a0 \u00a0 \u00a0 \u00a0 \u00a0 \u00a0 \u00a0\u00a0<a href=\"http:\/\/lecubin.fr\/\">Retour Accueil<\/a>\u00a0 \u00a0 \u00a0 \u00a0 \u00a0 \u00a0 \u00a0 \u00a0 \u00a0 \u00a0 \u00a0 \u00a0 \u00a0 \u00a0 \u00a0 \u00a0 \u00a0 \u00a0 \u00a0 \u00a0 \u00a0 \u00a0 \u00a0 \u00a0 \u00a0 \u00a0 \u00a0 \u00a0 \u00a0 \u00a0 \u00a0 \u00a0 \u00a0 \u00a0 \u00a0 \u00a0 \u00a0 \u00a0 \u00a0 \u00a0 \u00a0 \u00a0 \u00a0 \u00a0 \u00a0 \u00a0 \u00a0 \u00a0 \u00a0<\/strong><\/span><\/p>\n<p><span style=\"font-family: 'book antiqua', palatino, serif;\">Construite sur un \u00e9peron dominant la vall\u00e9e du Loir, rive gauche, form\u00e9 par un ru brisant le coteau, d\u2019o\u00f9 l\u2019\u00e9tymologie Fracta vallis (vall\u00e9e bris\u00e9e), la forteresse de Fr\u00e9teval a succ\u00e9d\u00e9, \u00e0 la fin du 11\u00e8 si\u00e8cle \u00e0 une grande enceinte villageoise fortifi\u00e9e, dont l\u2019origine pourrait remonter au 7\u00e8 si\u00e8cle. Une \u00e9glise paroissiale, \u00e0 la d\u00e9dicace de Saint-Victor, \u00e9tait li\u00e9e \u00e0 ce village.<\/span><\/p>\n<p><span style=\"font-family: 'book antiqua', palatino, serif;\">Durant vingt ans, des campagnes de fouilles arch\u00e9ologiques ont \u00e9t\u00e9 conduites, sur ce site, par Claude Leymarios. Elles ont permis de proposer un sch\u00e9ma d\u2019occupation militaire qui d\u00e9bute dans la d\u00e9cennie 1080. A cette \u00e9poque les seigneurs de Meslay-le-Vid\u00e2me, pr\u00e8s de Chartres, vassaux des comtes de Blois, sont \u00e9galement sires de Fr\u00e9teval et c\u2019est \u00e0 ce titre que Nivelon 1er est pr\u00e9sent \u00e0 la d\u00e9dicace de la Trinit\u00e9 de Vend\u00f4me, par Geoffroy Martel, en 1040. Mais la forteresse n\u2019existe pas encore et se pose la question de savoir o\u00f9 se trouvait le si\u00e8ge du fief. Une r\u00e9ponse impossible \u00e0 donner en l\u2019absence de textes ou de documents arch\u00e9ologiques, mais une hypoth\u00e8se en \u00e9voquant le Plessis-Hamelin, sur le plateau, rive droite du Loir. Une hypoth\u00e8se sans plus, simplement pour donner envie \u00e0 de futurs chercheurs de pousser des investigations en ce sens.<\/span><\/p>\n<p><span style=\"font-family: 'book antiqua', palatino, serif;\">Foucher, fils de Nivelon 1er , vieillissant, se retire dans un couvent en 1087, c\u00e9dant le fief \u00e0 son fils Nivelon II. Nous sommes sur une zone de marche entre le c\u00f4t\u00e9 de Blois qui tient du roi de France et le comt\u00e9 de Vend\u00f4me aux mains des Plantagenet, qu\u2019il importe donc de fortifier.<\/span><br \/>\n<span style=\"font-family: 'book antiqua', palatino, serif;\"> Nous sommes \u00e0 l\u2019\u00e9poque o\u00f9 la papaut\u00e9 appelle \u00e0 la d\u00e9livrance du tombeau du Christ, \u00e0 J\u00e9rusalem.<\/span><br \/>\n<span style=\"font-family: 'book antiqua', palatino, serif;\"> Nivelon II, accompagnant son seigneur, Henri-\u00c9tienne, comte de Blois, va partir pour la croisade en 1096. En s\u2019appuyant sur la documentation arch\u00e9ologique on peut situer la construction du donjon -la pi\u00e8ce ma\u00eetresse du site- entre 1087 (av\u00e8nement de Nivelon II) et 1096 (son d\u00e9part pour la 1\u00e8re croisade). L\u2019\u00e9tude architecturale de ce donjon, dont la vocation dans toute forteresse m\u00e9di\u00e9vale est essentiellement militaire, montre, paradoxalement, une \u00e9vidente touche f\u00e9minine dans sa construction (d\u00e9cors de fen\u00eatres, sculpture sur un pi\u00e9droit de chemin\u00e9e, galerie d\u2019apparat) que l\u2019on peut attribuer \u00e0 la comtesse Ad\u00e8le de Blois, \u00e9pouse d\u2019Henri-\u00c9tienne et fille de Guillaume le Conqu\u00e9rant.<\/span><br \/>\n<span style=\"font-family: 'book antiqua', palatino, serif;\"> Si le comte de Blois trouve la mort en Terre Sainte, \u00e0 Ramla, le 11 mai 1102, Nivelon II rentre \u00e0 une date que nous ne connaissons pas et reprend la direction de son fief de Meslay et du ch\u00e2teau de Fr\u00e9teval. \u00c0 sa mort en 1122, \u00e0 son fils Ursion 1er lui succ\u00e9dera.<\/span><br \/>\n<span style=\"font-family: 'book antiqua', palatino, serif;\"> Durant le 12\u00e8 si\u00e8cle, le ch\u00e2teau de Fr\u00e9teval est tenu par les Plantagenet de 1158 \u00e0 1187. Ils en renforcent les d\u00e9fenses en \u00e9difiant une seconde enceinte au-del\u00e0 de la chemise du donjon.<\/span><br \/>\n<span style=\"font-family: 'book antiqua', palatino, serif;\"> Deux \u00e9v\u00e9nements majeurs vont se retrouver indirectement li\u00e9s \u00e0 la forteresse, durant ce si\u00e8cle\u00a0:<\/span><br \/>\n<span style=\"font-family: 'book antiqua', palatino, serif;\"> -la \u00ab\u00a0paix de Fr\u00e9teval\u00a0\u00bb, scell\u00e9e par le baiser de r\u00e9conciliation que se donnent, pr\u00e8s de la forteresse, le roi d\u2019Angleterre, Henri II Plantagenet et le chef de l\u2019\u00e9glise anglicane, l\u2019archev\u00eaque de Cantorberry, Thomas Becket, le 21 ou 22 juillet 1170. Le roi fera assassiner Thomas le 29 d\u00e9cembre 1170, en sa cath\u00e9drale de Canterbury. Parmi les assassins \u00ab\u00a0Renaud, fils d\u2019Ursion [de Fr\u00e9teval]\u00a0\u00bb.<\/span><br \/>\n<span style=\"font-family: 'book antiqua', palatino, serif;\"> -la bataille, dite de Fr\u00e9teval, entre Richard Cour de Lion et Philippe Auguste, le 11 juin 1194. L\u2019arri\u00e8re-garde du roi de France, qui fait route vers Vend\u00f4me, est bouscul\u00e9e par les troupes de Richard II, dans un lieu proche de Fr\u00e9teval, qu\u2019aucun document historique ne permet de situer avec certitude. Dans les chariots de cette arri\u00e8re garde, les anglais s\u2019emparent du \u00ab\u00a0Tr\u00e9sor royal\u00a0\u00bb (chartes, sceaux) qui suivait toujours le roi en d\u00e9placement. Tirant le\u00e7on de cette \u00ab\u00a0m\u00e9saventure\u00a0\u00bb, Philippe Auguste, confira dor\u00e9navant les sceaux royaux \u00e0 la garde d\u2019un grand seigneur \u00e0 Paris\u00a0: le garde des Sceaux (fonction qui perdure de nos jours avec le ministre de la Justice). Les archives seront \u00e9galement confi\u00e9es \u00e0 un service qui donnera naissance aux Archives Nationales.<\/span><br \/>\n<span style=\"font-family: 'book antiqua', palatino, serif;\"> Nivelon V de Meslay, neuvi\u00e8me sire de Fr\u00e9teval connu, meurt en 1264 sans post\u00e9rit\u00e9 et le fief revient \u00e0 Marguerite, sa s\u0153ur, \u00e9pouse d\u2019Emery d\u2019Argenton, dont le fils Guy d\u2019Argenton, seigneur de Fr\u00e9teval de 1275 \u00e0 1293, revend le fief \u00e0 Hugues II de Ch\u00e2tillon, comte de Blois. Ce dernier installe un gouverneur militaire dans la forteresse et fait le choix de Pierre, sire de Mauvoisin, qui a \u00e9pous\u00e9 Jeanne de Meslay, autre s\u0153ur de Nivelon V. On retrouvera Philippot Mauvoisin, son arri\u00e8re petit-fils, qui tient la forteresse durant la p\u00e9riode trouble de la guerre de Cent Ans. Il \u00e9pousa, en premi\u00e8res noces, Jehanne la Bugle, dont on retrouva le sceau dans les fouilles arch\u00e9ologiques du donjon, puis Jehanne de Vor\u00e9.<\/span><br \/>\n<span style=\"font-family: 'book antiqua', palatino, serif;\"> Ce sont les troupes du comte de Salisbury qui, dans leur marche de Ch\u00e2teaudun vers Orl\u00e9ans, s\u2019attaqu\u00e8rent \u00e0 la forteresse dont ils sap\u00e8rent le donjon, provoquant son d\u00e9mant\u00e8lement d\u00e9finitif.<\/span><\/p>\n<p><span style=\"font-family: 'book antiqua', palatino, serif;\">Les fouilles arch\u00e9ologiques dans le donjon ont d\u00e9montr\u00e9 que jamais les sires de Meslay-Fr\u00e9teval n\u2019y r\u00e9sid\u00e8rent, alors que les Mauvoisin, gouverneurs militaires y log\u00e8rent.<\/span><\/p>\n<p><span style=\"font-family: 'book antiqua', palatino, serif;\">Combien de secrets cachent encore ces ruines romantiques, un temps m\u00eal\u00e9es \u00e0 la grande Histoire de France\u00a0?<\/span><\/p>\n<p><span style=\"font-family: 'book antiqua', palatino, serif;\"><a href=\"http:\/\/lecubin.fr\/\"><strong>Retour Accueil<\/strong><\/a><\/span><\/p>\n","protected":false},"excerpt":{"rendered":"<p>Fr\u00e9teval- La forteresse\u00a0 \u00a0 \u00a0 \u00a0 \u00a0 \u00a0 \u00a0 \u00a0 \u00a0 \u00a0 \u00a0 \u00a0 \u00a0 \u00a0 \u00a0 \u00a0 \u00a0 \u00a0 \u00a0 \u00a0 \u00a0 \u00a0 \u00a0 \u00a0 \u00a0 \u00a0 \u00a0 \u00a0 \u00a0 \u00a0\u00a0Retour Accueil\u00a0 \u00a0 \u00a0 \u00a0 \u00a0 \u00a0 \u00a0 \u00a0 \u00a0 \u00a0 \u00a0 \u00a0 \u00a0 \u00a0 \u00a0 \u00a0 \u00a0 \u00a0 \u00a0 \u00a0 \u00a0 \u00a0 \u00a0 &hellip; <\/p>\n<p class=\"link-more\"><a href=\"https:\/\/lecubin.fr\/index.php\/description-chateau\/\" class=\"more-link\">Continuer la lecture<span class=\"screen-reader-text\"> de &laquo;&nbsp;Description ch\u00e2teau&nbsp;&raquo;<\/span><\/a><\/p>\n","protected":false},"author":1,"featured_media":0,"parent":0,"menu_order":0,"comment_status":"closed","ping_status":"closed","template":"","meta":{"footnotes":""},"class_list":["post-282","page","type-page","status-publish","hentry"],"_links":{"self":[{"href":"https:\/\/lecubin.fr\/index.php\/wp-json\/wp\/v2\/pages\/282","targetHints":{"allow":["GET"]}}],"collection":[{"href":"https:\/\/lecubin.fr\/index.php\/wp-json\/wp\/v2\/pages"}],"about":[{"href":"https:\/\/lecubin.fr\/index.php\/wp-json\/wp\/v2\/types\/page"}],"author":[{"embeddable":true,"href":"https:\/\/lecubin.fr\/index.php\/wp-json\/wp\/v2\/users\/1"}],"replies":[{"embeddable":true,"href":"https:\/\/lecubin.fr\/index.php\/wp-json\/wp\/v2\/comments?post=282"}],"version-history":[{"count":2,"href":"https:\/\/lecubin.fr\/index.php\/wp-json\/wp\/v2\/pages\/282\/revisions"}],"predecessor-version":[{"id":342,"href":"https:\/\/lecubin.fr\/index.php\/wp-json\/wp\/v2\/pages\/282\/revisions\/342"}],"wp:attachment":[{"href":"https:\/\/lecubin.fr\/index.php\/wp-json\/wp\/v2\/media?parent=282"}],"curies":[{"name":"wp","href":"https:\/\/api.w.org\/{rel}","templated":true}]}}